s the greatest common factor of 77 and y?
7
Let m = 78 - 32. Suppose m = 4*a - 70. Suppose a = j - 35. What is the highest common factor of 16 and j?
16
Suppose 5 = 13*s - 21. Suppose 2 = -m + 3*m. What is the highest common divisor of s and m?
1
Let j(b) = -b**3 - 7*b**2 + 2*b + 16. Let i be j(-7). What is the greatest common factor of i and 10?
2
Let m be ((-7)/(-3) + -2)*9. Suppose -21 = d - 5*a, 2*d - 3*a = -m*d + 5. Calculate the greatest common factor of 6 and d.
2
Let j = -7 - 2. Let c = j + 15. Suppose 6*m - 72 = 2*m. What is the highest common factor of c and m?
6
Suppose -a = 5, -2*t = -7*t + 4*a + 35. Suppose 294 = 5*b + t*p, -3*b - b = 2*p - 236. Calculate the greatest common factor of 20 and b.
20
Suppose -10*j + 33 = -227. Suppose 0 = -i + 91 + 13. Calculate the greatest common divisor of j and i.
26
Suppose -4*r + 5*b = -3*r + 12, -3*r - 5*b = -44. Let i be (-2)/7 + (-116)/(-14). What is the highest common divisor of r and i?
8
Let x(j) = -j**3 - 12*j**2 - 12*j - 13. Let k be x(-11). Let g be (-66)/(-14) + k/(-7). Calculate the highest common divisor of 30 and g.
5
Let f(w) = -2*w + 1. Let a be f(-1). Suppose -a*p - j = -39, 2*p + 0*j + 3*j - 19 = 0. Let g = 49 - 14. What is the greatest common divisor of p and g?
7
Suppose -4*j - 4*h + 40 = 0, -j - 17 + 42 = 4*h. Suppose -j*u + 994 = -v + 4*v, 12 = -3*u. Let q = v - 149. Calculate the highest common factor of 27 and q.
27
Let r = 5 + -4. Suppose 3*k = -2*k + 25. Calculate the highest common divisor of k and r.
1
Let c(m) = 2*m + 6. Let l be c(-2). Let v be (0 - 0 - 1) + 11. Calculate the highest common divisor of l and v.
2
Let k = -37 - -239. Suppose -1477 = -5*g + 4*o, 0 = -2*g - 2*o + k + 396. What is the highest common factor of 33 and g?
33
Let d(j) be the first derivative of -j**4/4 + 8*j**3/3 + j**2 - 10*j + 4. Let z be d(8). Calculate the highest common divisor of 6 and z.
6
Let q(d) = -6*d**3 + 4*d**2 - 2*d - 6. Let l be q(-3). What is the highest common factor of l and 18?
18
Let o = 5 + -13. Let l = o + 5. Let n(g) = 2*g**2 + g - 3. Let q be n(l). Calculate the highest common factor of q and 48.
12
Let x(v) = -v**3 - 6*v**2 - 9*v - 9. Let h be x(-6). What is the greatest common factor of 9 and h?
9
Let z = 16 - 23. Let k = z + 5. Let d = k + 4. Calculate the highest common divisor of d and 10.
2
Let x be 172/88*4 - (-6)/33. What is the highest common factor of x and 32?
8
Let r be 8915/(-25) + (-2)/5. Let u = -252 - r. Calculate the highest common divisor of 15 and u.
15
Suppose 3*v + 14 = 4*v. Calculate the greatest common factor of 14 and v.
14
Let r = 0 - -3. Suppose 5*j = -w + 25, -5*w = j - r - 2. Let o be (-1)/(-4) + 78/8. What is the highest common divisor of o and j?
5
Let i = 73 - 49. Let q = -18 - -26. Calculate the highest common factor of q and i.
8
Suppose -m = 3*l + 20 - 25, -3*l + 3*m = 3. Calculate the greatest common divisor of l and 9.
1
Suppose u = 2*n + 6, -u - 1 = 4*n + 5. Let f(y) = -y + 0*y - 2*y**u + 5*y**2 + 10*y**3. Let w be f(2). What is the highest common factor of w and 9?
9
Let a be 0 + 4 + 7 + -3. Calculate the highest common divisor of a and 88.
8
Suppose -12*a - 4*a = -64. Let r be 7/2 - 2/(-4). What is the highest common divisor of r and a?
4
Let b = -10 + 14. Let o be (120/14)/(b/28). Calculate the greatest common factor of 15 and o.
15
Let m(k) = k**3 - 10*k**2 - 13*k + 3. Let g be m(12). Suppose -4*d = -7 - 5, p - 9 = 2*d. What is the greatest common divisor of g and p?
15
Let o be (-7 - (-4 - 0)) + 8. What is the greatest common divisor of 55 and o?
5
Let d be (-3 - -1)*1/2. Let p be (1 - 2)/(d + 0). What is the highest common factor of 4 and p?
1
Suppose 84 = 8*h - 4*h. Calculate the greatest common divisor of 63 and h.
21
Suppose 2*u - 1 + 7 = d, 0 = -4*d - u + 6. Suppose 6 = 3*m + d*x, 2*m = 6*m - 3*x - 25. Calculate the highest common factor of m and 2.
2
Let f(l) be the first derivative of 6*l - 2 - 5/3*l**3 - 5/2*l**2 - 1/4*l**4. Let u be f(-6). What is the highest common factor of u and 12?
12
Let a be (-12)/(-20) - 194/(-10). What is the greatest common divisor of 90 and a?
10
Suppose 51 = -6*v + 255. What is the greatest common divisor of v and 85?
17
Suppose 0 = -f - 3 + 4. Let x = 1 + f. Let q = -1 + x. What is the highest common factor of q and 1?
1
Let v = -3 + 4. Let p be (-6)/3 - (-5)/v. Suppose 2*w = 4*g - 2*g - 28, 2*g - p*w - 23 = 0. What is the greatest common factor of 133 and g?
19
Let w = -14 - -11. Let a be 1/w - 112/(-12). What is the greatest common divisor of a and 81?
9
Let t(p) = -72*p - 6. Let k be t(-3). Suppose n = 6*n - k. Suppose 0 = -4*f, -3*b + b + 12 = -5*f. Calculate the highest common factor of b and n.
6
Let i(c) = c + 1. Let x be i(1). Let q(g) = 4*g - 4. Let l be q(2). Calculate the highest common divisor of l and x.
2
Let u(j) = j**2 - j. Let k be u(5). Let g = -70 + 100. Calculate the highest common divisor of g and k.
10
Let p be (5 - -29)/(-2 - -4). Let r = -6 + p. Calculate the greatest common divisor of r and 88.
11
Let y = 24 + 26. Suppose u = 2*u - y. Calculate the greatest common divisor of u and 20.
10
Suppose 5*q - 28 = -3*n, -n - 27 = -3*n + 5*q. What is the highest common divisor of 11 and n?
11
Suppose 4*z = 18 + 14. Let d be (z/6)/((-4)/(-30)). What is the highest common divisor of 10 and d?
10
Suppose 35*c = 36*c - 208. Calculate the greatest common factor of 13 and c.
13
Let p(t) = 8*t**2 + 2*t. Let g be p(1). Calculate the highest common divisor of g and 70.
10
Suppose 5*a - 24 + 9 = 0. Let i = a - -8. What is the highest common factor of 88 and i?
11
Let o = 0 - 0. Suppose 2*u - 4 = -4*v - o, 0 = -4*u. Let b(s) = -3*s + 25. Let k be b(8). What is the greatest common factor of k and v?
1
Suppose 2*p + 1060 = 5*s - 2*p, -3*s + 609 = 3*p. Calculate the greatest common divisor of s and 26.
26
Let x(z) = z + 14. Let a be x(0). Calculate the highest common divisor of a and 112.
14
Let p(o) = 24*o + 8. Let k be p(8). Let q(g) be the second derivative of -4*g**3/3 - 2*g**2 + g. Let y be q(-3). What is the greatest common factor of y and k?
20
Let b(y) = -y**3 - 7*y**2 + 9*y + 7. Let z be b(-8). Let k be 22 + (2 - 0 - z). What is the highest common factor of k and 5?
5
Suppose 6 + 18 = 2*f. What is the highest common factor of f and 72?
12
Let b be 0*(-1 - 0) + 2. Suppose 29 - 2 = -k - 3*r, b*k + 4*r = -60. Let n be 4/18 - 64/k. What is the highest common factor of n and 8?
2
Suppose -h + 26 = -q, 0 = -6*h + 2*h + 5*q + 105. Let j be (10/(-4))/(2/(-4)). What is the highest common factor of j and h?
5
Suppose 4*h - 5*b - 22 = 0, 0*h - 21 = -5*h + 3*b. Suppose -4*s + 3*y = -33, 3*s - h*y - 12 = 12. What is the highest common divisor of s and 1?
1
Suppose 0 = 3*p + z - 86, -z - 31 + 5 = -p. What is the greatest common divisor of 7 and p?
7
Let k be ((-332)/(-3))/((-2)/6). Let x be 2/6 + k/(-12). Let q be 1045/25 + (-4)/(-20). What is the greatest common divisor of x and q?
14
Let n(g) = -4*g - 5. Let m be n(6). Let p = -18 - m. What is the greatest common divisor of 88 and p?
11
Let d = 121 - 201. Let t = -47 - d. What is the highest common factor of 11 and t?
11
Let x = -46 - -69. Calculate the greatest common divisor of 46 and x.
23
Suppose -2*j + 15 + 5 = 0. Let z be -1*(1/(-1) + 1). Suppose 3*m - 5*m + 220 = z. Calculate the highest common divisor of m and j.
10
Suppose 4*j - 2*x - 65 = 3*x, 0 = 3*j - 4*x - 49. Let w be (0 - -3) + 4/2. What is the highest common divisor of w and j?
5
Let n = 44 - 24. Suppose -3*w - 15 = -105. Calculate the greatest common divisor of n and w.
10
Let c(a) = a + 3. Let s be c(-1). Suppose 4*p = 6*p - 8. Suppose p*g - r - 34 = r, 3*r = -g + 5. What is the highest common factor of g and s?
2
Let a be -1*2*(1 - 2). Suppose 0 = 4*d + a*j - 10 - 10, -4*d + 20 = j. Let k be 40/d - (0 - 2). Calculate the highest common divisor of 20 and k.
10
Suppose 5*o - 5*y = 130, -76 = -5*o - y + 24. Suppose -w - w = -126. What is the highest common factor of w and o?
21
Suppose 271 = 7*i + 19. Let k = 1 + 1. Let m(t) = 2*t**3 - 2*t**2 + t + 2. Let h be m(k). Calculate the greatest common divisor of h and i.
12
Let u be (-3)/(-1 - -4) - -10. Calculate the highest common divisor of 99 and u.
9
Let b = -2 - -12. Let w = b - 4. Calculate the highest common factor of